{"id":193,"date":"2020-08-26T03:02:35","date_gmt":"2020-08-26T03:02:35","guid":{"rendered":"http:\/\/ljvsa.com.ar\/?page_id=193"},"modified":"2022-01-09T10:11:14","modified_gmt":"2022-01-09T10:11:14","slug":"lineas-de-accion","status":"publish","type":"page","link":"https:\/\/ljvsa.com.ar\/?page_id=193","title":{"rendered":"LINEAS DE ACCI\u00d3N"},"content":{"rendered":"\n<p><strong>REDES DE TELECOMUNICACIONES<\/strong><\/p>\n\n\n\n<p>Dise\u00f1o, desarrollo e implementaci\u00f3n de redes de telecomunicaciones por v\u00ednculos f\u00edsicos e inal\u00e1mbricos, para servicios de Valor Agregado.<\/p>\n\n\n\n<p><\/p>\n\n\n\n<p><strong>SISTEMAS DE GESTI\u00d3N Y MEDICI\u00d3N DE CONSUMO EN COOPERATIVAS Y TELECOMUNICACIONES<\/strong><\/p>\n\n\n\n<p>Dise\u00f1o, desarrollo e implementaci\u00f3n de Sistemas de gesti\u00f3n y medici\u00f3n de consumo en cooperativas el\u00e9ctricas y de telecomunicaciones.<\/p>\n\n\n\n<p><\/p>\n\n\n\n<p><strong>GESTIONES REGULATORIAS EN TELECOMUNICACIONES Y ENERG\u00cdA<\/strong><\/p>\n\n\n\n<p>Presentaciones en el \u00e1mbito de las Telecomunicaciones y Energ\u00eda, teniendo en cuenta aspectos t\u00e9cnicos, econ\u00f3micos y regulatorios; considerando especialmente en la coyuntura actual y las diversas fuentes de financiamiento brindados por el estado nacional.<\/p>\n\n\n\n<p><\/p>\n\n\n\n<p><strong>SISTEMAS AVANZADOS DE SE\u00d1ALIZACION FERROVIARIO<\/strong><\/p>\n\n\n\n<p>Dise\u00f1o, desarrollo e implementaci\u00f3n de Sistemas Avanzados de Se\u00f1alizaci\u00f3n Ad Hoc, para el Mercado Ferroviario.<\/p>\n\n\n\n<p><\/p>\n\n\n\n<p><strong>ECONOM\u00cdA DEL CONOCIMIENTO<\/strong><\/p>\n\n\n\n<p>En el marco actual, el protagonista covid-19 junto con la excepcional restricci\u00f3n econ\u00f3mica, nos ha incentivado a desarrollar actividades vinculadas a la econom\u00eda del conocimiento, especialmente en diversas zonas rurales del pa\u00eds donde LJV SA, ha desarrollado la mayor parte de su actividad.<\/p>\n\n\n\n<p><\/p>\n","protected":false},"excerpt":{"rendered":"<p>REDES DE TELECOMUNICACIONES Dise\u00f1o, desarrollo e implementaci\u00f3n de redes de telecomunicaciones por v\u00ednculos f\u00edsicos e inal\u00e1mbricos, para servicios de Valor Agregado. SISTEMAS [&hellip;]<\/p>\n","protected":false},"author":1,"featured_media":0,"parent":0,"menu_order":0,"comment_status":"closed","ping_status":"closed","template":"","meta":[],"_links":{"self":[{"href":"https:\/\/ljvsa.com.ar\/index.php?rest_route=\/wp\/v2\/pages\/193"}],"collection":[{"href":"https:\/\/ljvsa.com.ar\/index.php?rest_route=\/wp\/v2\/pages"}],"about":[{"href":"https:\/\/ljvsa.com.ar\/index.php?rest_route=\/wp\/v2\/types\/page"}],"author":[{"embeddable":true,"href":"https:\/\/ljvsa.com.ar\/index.php?rest_route=\/wp\/v2\/users\/1"}],"replies":[{"embeddable":true,"href":"https:\/\/ljvsa.com.ar\/index.php?rest_route=%2Fwp%2Fv2%2Fcomments&post=193"}],"version-history":[{"count":6,"href":"https:\/\/ljvsa.com.ar\/index.php?rest_route=\/wp\/v2\/pages\/193\/revisions"}],"predecessor-version":[{"id":607,"href":"https:\/\/ljvsa.com.ar\/index.php?rest_route=\/wp\/v2\/pages\/193\/revisions\/607"}],"wp:attachment":[{"href":"https:\/\/ljvsa.com.ar\/index.php?rest_route=%2Fwp%2Fv2%2Fmedia&parent=193"}],"curies":[{"name":"wp","href":"https:\/\/api.w.org\/{rel}","templated":true}]}}